{"id":124,"date":"2024-09-19T11:23:09","date_gmt":"2024-09-19T11:23:09","guid":{"rendered":"https:\/\/www.studiothea.cz\/?page_id=124"},"modified":"2025-05-25T18:41:47","modified_gmt":"2025-05-25T18:41:47","slug":"vizazistka","status":"publish","type":"page","link":"https:\/\/www.studiothea.cz\/?page_id=124","title":{"rendered":"Viz\u00e1\u017eistka"},"content":{"rendered":"\n<p class=\"has-text-align-center has-medium-font-size\"><strong>Denn\u00ed a ve\u010dern\u00ed l\u00ed\u010den\u00ed, svatby, maturitn\u00ed plesy, firemn\u00ed akce,  v\u00e1no\u010dn\u00ed ve\u010d\u00edrky a jin\u00e9<\/strong><\/p>\n\n\n\n<p class=\"has-text-align-center\"><strong> L\u00ed\u010d\u00edme ve Studiu THEA na adrese \u017di\u017ekova 12, \u010cesk\u00e9 Bud\u011bjovice nebo za V\u00e1mi p\u0159ijedeme v r\u00e1mci jiho\u010desk\u00e9ho kraje.<\/strong><\/p>\n\n\n\n<p class=\"has-text-align-center\">Pro bli\u017e\u0161\u00ed informace a p\u0159\u00edpadn\u00e9 term\u00edny mimo Studio THEA m\u011b pros\u00edm kontaktujte p\u0159es telefon \u010di mail. D\u011bkuji <\/p>\n\n\n\n<p class=\"has-text-align-center\">Telefon <strong>+420 770 177 800<\/strong><\/p>\n\n\n\n<p class=\"has-text-align-center\">Mail <strong>studiothea@studiothea.cz<\/strong><\/p>\n\n\n\n<p class=\"has-text-align-center\">Uveden\u00e9 ceny jsou kone\u010dn\u00e9. \u00dahrada za slu\u017eby lze prov\u00e9st hotov\u011b a nebo bezhotovostn\u00edm p\u0159evodem \u2013 okam\u017eit\u00e1 platba pomoc\u00ed QR k\u00f3du. D\u011bkuji<\/p>\n\n\n\n<p class=\"has-text-align-center has-black-color has-pale-pink-background-color has-text-color has-background has-link-color has-medium-font-size wp-elements-5d459a5257a5c471688939b7bfef5b76\">CEN\u00cdK &#8211; VIZ\u00c1\u017dISTKA<\/p>\n\n\n\n<p class=\"has-text-align-center has-pale-pink-color has-text-color has-link-color has-large-font-size wp-elements-c84bb751bea902a94f4b4f900c1bb735\">SVATBA A MATURITN\u00cd PLES<\/p>\n\n\n\n<p class=\"has-text-align-center\">NEV\u011aSTA \/ MATURANT &#8230; 60 minut &#8230; <strong><em>1.200 K\u010d<\/em><\/strong><\/p>\n\n\n\n<p class=\"has-text-align-center\">SVATEB\u010cAN\u00c9 \/ HOST\u00c9 &#8230; 45 minut &#8230; <strong><em>750 K\u010d<\/em><\/strong><\/p>\n\n\n\n<p class=\"has-text-align-center\">ZKOU\u0160KA &#8211; NEV\u011aSTA \/ MATURANT &#8230; 60 minut &#8230; <strong><em>750 K\u010d<\/em><\/strong><\/p>\n\n\n\n<p class=\"has-text-align-center\">Cestovn\u00e9 p\u0159i pr\u00e1ci mimo Studio Thea v r\u00e1mci Jiho\u010desk\u00e9ho kraje &#8230; <strong><em>6 K\u010d \/ km<\/em><\/strong><\/p>\n\n\n\n<p class=\"has-text-align-center has-pale-pink-color has-text-color has-link-color has-large-font-size wp-elements-f33d15b94f93666567bb2ffb2d963761\">DENN\u00cd A VE\u010cERN\u00cd L\u00cd\u010cEN\u00cd<\/p>\n\n\n\n<p class=\"has-text-align-center\">DENN\u00cd L\u00cd\u010cEN\u00cd &#8230; 30 minut &#8230; <strong><em>500 K\u010d<\/em><\/strong><\/p>\n\n\n\n<p class=\"has-text-align-center\">VE\u010cERN\u00cd L\u00cd\u010cEN\u00cd &#8230; 45 minut &#8230; <strong><em>750 K\u010d<\/em><\/strong> <\/p>\n\n\n\n<p class=\"has-text-align-center has-pale-pink-color has-text-color has-link-color wp-elements-1864afb5535b9a4649f9588e5057f112\">Studio Thea m\u00e1 \u00fazkou spolupr\u00e1ci s profesion\u00e1ln\u00ed kade\u0159nic\u00ed se specializac\u00ed na svatebn\u00ed a ve\u010dern\u00ed \u00fa\u010desy. V p\u0159\u00edpad\u011b z\u00e1jmu pros\u00edm o informaci na telefonn\u00ed \u010d\u00edslo +420 770 177 800. D\u011bkuji<\/p>\n\n\n\n<div class=\"wp-block-buttons is-content-justification-center is-layout-flex wp-container-core-buttons-is-layout-16018d1d wp-block-buttons-is-layout-flex\">\n<div class=\"wp-block-button has-custom-width wp-block-button__width-75 is-style-outline is-style-outline--1\"><a class=\"wp-block-button__link has-black-color has-pale-pink-background-color has-text-color has-background has-link-color has-small-font-size has-custom-font-size wp-element-button\" href=\"https:\/\/www.studiothea.cz\/?page_id=226\">Rezervovat do STUDIO THEA<\/a><\/div>\n<\/div>\n\n\n\n<p><\/p>\n\n\n\n<figure class=\"wp-block-gallery has-nested-images columns-default is-cropped wp-block-gallery-2 is-layout-flex wp-block-gallery-is-layout-flex\">\n<figure class=\"wp-block-image size-large\"><img loading=\"lazy\" decoding=\"async\" width=\"1024\" height=\"576\" data-id=\"795\" src=\"https:\/\/www.studiothea.cz\/wp-content\/uploads\/2025\/05\/Prezentace-StudioThea-6-1024x576.jpg\" alt=\"\" class=\"wp-image-795\" srcset=\"https:\/\/www.studiothea.cz\/wp-content\/uploads\/2025\/05\/Prezentace-StudioThea-6-1024x576.jpg 1024w, https:\/\/www.studiothea.cz\/wp-content\/uploads\/2025\/05\/Prezentace-StudioThea-6-300x169.jpg 300w, https:\/\/www.studiothea.cz\/wp-content\/uploads\/2025\/05\/Prezentace-StudioThea-6-768x432.jpg 768w, https:\/\/www.studiothea.cz\/wp-content\/uploads\/2025\/05\/Prezentace-StudioThea-6-1536x864.jpg 1536w, https:\/\/www.studiothea.cz\/wp-content\/uploads\/2025\/05\/Prezentace-StudioThea-6.jpg 1920w\" sizes=\"auto, (max-width: 1024px) 100vw, 1024px\" \/><\/figure>\n<\/figure>\n\n\n<div class=\"wp-block-image\">\n<figure class=\"aligncenter size-full\"><img loading=\"lazy\" decoding=\"async\" width=\"347\" height=\"145\" src=\"https:\/\/www.studiothea.cz\/wp-content\/uploads\/2024\/09\/vizazistka-1.jpeg\" alt=\"\" class=\"wp-image-337\" srcset=\"https:\/\/www.studiothea.cz\/wp-content\/uploads\/2024\/09\/vizazistka-1.jpeg 347w, https:\/\/www.studiothea.cz\/wp-content\/uploads\/2024\/09\/vizazistka-1-300x125.jpeg 300w\" sizes=\"auto, (max-width: 347px) 100vw, 347px\" \/><\/figure>\n<\/div>\n\n\n<p><\/p>\n","protected":false},"excerpt":{"rendered":"<p>Denn\u00ed a ve\u010dern\u00ed l\u00ed\u010den\u00ed, svatby, maturitn\u00ed plesy, firemn\u00ed akce, v\u00e1no\u010dn\u00ed ve\u010d\u00edrky a jin\u00e9 L\u00ed\u010d\u00edme ve Studiu THEA na adrese \u017di\u017ekova 12, \u010cesk\u00e9 Bud\u011bjovice nebo za V\u00e1mi p\u0159ijedeme v r\u00e1mci jiho\u010desk\u00e9ho &hellip; <\/p>\n","protected":false},"author":1,"featured_media":795,"parent":0,"menu_order":0,"comment_status":"closed","ping_status":"closed","template":"","meta":{"footnotes":""},"class_list":["post-124","page","type-page","status-publish","has-post-thumbnail","hentry"],"_links":{"self":[{"href":"https:\/\/www.studiothea.cz\/index.php?rest_route=\/wp\/v2\/pages\/124","targetHints":{"allow":["GET"]}}],"collection":[{"href":"https:\/\/www.studiothea.cz\/index.php?rest_route=\/wp\/v2\/pages"}],"about":[{"href":"https:\/\/www.studiothea.cz\/index.php?rest_route=\/wp\/v2\/types\/page"}],"author":[{"embeddable":true,"href":"https:\/\/www.studiothea.cz\/index.php?rest_route=\/wp\/v2\/users\/1"}],"replies":[{"embeddable":true,"href":"https:\/\/www.studiothea.cz\/index.php?rest_route=%2Fwp%2Fv2%2Fcomments&post=124"}],"version-history":[{"count":21,"href":"https:\/\/www.studiothea.cz\/index.php?rest_route=\/wp\/v2\/pages\/124\/revisions"}],"predecessor-version":[{"id":806,"href":"https:\/\/www.studiothea.cz\/index.php?rest_route=\/wp\/v2\/pages\/124\/revisions\/806"}],"wp:featuredmedia":[{"embeddable":true,"href":"https:\/\/www.studiothea.cz\/index.php?rest_route=\/wp\/v2\/media\/795"}],"wp:attachment":[{"href":"https:\/\/www.studiothea.cz\/index.php?rest_route=%2Fwp%2Fv2%2Fmedia&parent=124"}],"curies":[{"name":"wp","href":"https:\/\/api.w.org\/{rel}","templated":true}]}}